)?
2
5 + (5 - 3 - 11)
-4
What is the value of (165 - 144) + 1 + -14?
8
Evaluate 4 - (-1 + -3) - 6.
2
Calculate -2 - (-2 - (-3 - -7)).
4
5 + (-12 - -5) - 6
-8
23 + -27 + 6 + 1
3
Evaluate (3 + 2 - 1) + -3 + 3.
4
Evaluate (-8 + 10 - 7) + 3.
-2
What is -9 - (2 - -5 - 15)?
-1
5 - ((1 - -5) + 8 + -5)
-4
What is the value of -8 - -6 - (2 - 2)?
-2
-3 + -7 - -2 - (-3 + 0)
-5
Calculate 4 + (-3 - (7 + (-5 - -1))).
-2
Calculate 0 + 3 + 1 - (1 + 3).
0
2 - (1 + -3 + 4)
0
0 - 5 - (1 + 7 + -8)
-5
What is the value of 4 + -8 - -4 - 5?
-5
Evaluate (23 - 28 - (-1 + 2)) + 6.
0
Calculate 0 - 0 - (-1 + 0) - -4.
5
Evaluate 11 - (-5 - (-3 + 2) - -5).
10
Evaluate 2 - (0 + -5 + (1 - -2)).
4
Calculate 3 + -3 + -3 - -4.
1
What is the value of 2 - (4 + 3) - 0?
-5
What is the value of 6 + -5 - (2 - 1)?
0
What is the value of (-13 - -14) + 9 + -9?
1
What is the value of (-4 + 4 - 2) + (1 - -6)?
5
9 - -6 - (10 + 1)
4
-3 + (5 - 1) + -14 + 10
-3
-11 + (2 - (-11 - -8))
-6
What is the value of -1 - (-8 + 6) - 9?
-8
What is the value of -8 - (2 + -4 - 3)?
-3
5 - (2 + -7) - 5
5
Calculate 5 + -10 + 4 + 1.
0
Evaluate 4 + 1 + -1 - 6.
-2
Evaluate 1 + -8 + 1 - (-28 - -28).
-6
What is -1 - (-1 + -1 - -6)?
-5
What is -7 - (-2 + -8 + 4)?
-1
What is 40 + -45 - (-4 - (1 - -1))?
1
Calculate 1 - (5 + -1) - (2 + 0).
-5
-6 + 17 + -5 - (-5 - -3)
8
Evaluate 31 - 27 - (3 + 0 + -2).
3
What is -1 + (1 - 1) + 0?
-1
What is -2 - (5 - 19) - 9?
3
What is 3 + -1 + 3 - (2 + -1)?
4
What is 1 + (3 - -1 - 4) - 6?
-5
What is the value of 9 + (7 - 10) - 7?
-1
7 - (10 + (9 - 21))
9
Calculate 15 - (5 + 11 + -9).
8
Calculate (1 - 3) + -25 + -6 + 34.
1
Calculate 2 - -1 - 7 - (-4 - 6).
6
(0 - 0) + 4 + -7 + 0
-3
What is the value of 15 - (-3 - 5 - -17)?
6
What is the value of (-2 - 5) + 3 - 0?
-4
Calculate 0 + -7 + (-9 - -12).
-4
Evaluate 4 + 4 + -1 + 1 + -4.
4
What is the value of 19 + -8 + (-5 - 2)?
4
What is the value of 4 + -3 + 3 + -4 + 1?
1
What is 2 + -9 + (0 - 0)?
-7
What is the value of -1 + -3 - (-2 - (-7 + 7))?
-2
What is -3 + (-9 - 1) + 11?
-2
Calculate 4 + (-8 - -5) + 6.
7
Calculate -1 - (-1 + -5 - (-27 + 15)).
-7
What is the value of -13 + 8 + -6 - (0 + -4)?
-7
Evaluate 5 - (2 + 0 + (-5 - -2)).
6
Calculate 4 - (1 - 3 - -3).
3
Evaluate (6 - 23 - -13) + -1 + 0.
-5
Calculate (-5 - -11) + -6 + -4.
-4
Evaluate -14 + 16 + -6 + 7.
3
Calculate 0 - ((0 - 2) + (11 - 9)).
0
Evaluate -6 + (-3 - -18) - 9.
0
Calculate -5 + -6 + (9 + -12 - -10).
-4
What is the value of (-10 - -6) + (0 - 1) - -3?
-2
What is the value of (-7 - -2) + 8 - (-5 + 1)?
7
What is the value of 4 - (13 + -2 + 1 - 3)?
-5
Evaluate 5 - (-4 - (6 + -6 - 13)).
-4
What is (-24 + 10 - -13) + 0 + -1?
-2
What is the value of -6 - -1 - (-36 + 30)?
1
What is (0 - 1 - 0) + -1 + -2?
-4
What is 2 + -2 - (22 + -20)?
-2
What is the value of -250 + 249 + (1 - -7)?
7
(-10 - -3 - -2) + 7
2
What is the value of 7 - 2 - (8 - 8)?
5
19 + -24 - (0 + -1)
-4
Calculate -21 + 10 - (-9 + -2).
0
-11 - (7 - (-2 + 24))
4
What is the value of -6 - -3 - -1 - -3?
1
What is 1 - 1 - -5 - 2?
3
What is -10 - (5 - 5) - -6?
-4
Calculate (-3 - (-21 - -7)) + -5 - -2.
8
What is the value of -7 + (5 - 0) - -6 - 6?
-2
What is the value of -1 - (-3 - (-4 + 9 + -4))?
3
0 - (-2 + (-4 - (-5 - -4)))
5
-2 + (3 - (-1 - -5))
-3
Evaluate (0 - (-3 + -1)) + -2.
2
What is -6 + 5 + -2 - -3 - -3?
3
What is the value of (0 - 1) + (-8 - -5) + 8?
4
Evaluate -2 - 1 - (1 - -8 - 8).
-4
Calculate (1 - -1 - (-7 + 12)) + 4.
1
Calculate -7 + -5 + 7 + 1.
-4
Evaluate 2 - (-2 - 4) - 3.
5
What is -1 + -3 + 2 - -4?
2
What is the value of 1 + -1 + 1 - (36 - 28)?
-7
What is 0 - ((-10 - (3 - 2)) + 6)?
5
Calculate (-2 - (0 + -2)) + -20 + 13.
-7
What is the value of -6 + 3 + 2 + -5?
-6
What is -8 + -3 + 2 + 9?
0
What is the value of 0 - (1 + (-4 + 0 - -5))?
-2
What is 2 + (-1 - 1) - (5 + -1)?
-4
Calculate 69 + -73 + (-1 - -5).
0
What is the value of -12 - -16 - (1 + 1)?
2
What is 1 + 3 - (5 + 0 - 4)?
3
What is 4 + -7 + 0 + 1 + -2?
-4
What is the value of 8 + -1 + -3 + 1?
5
Calculate -7 + (-2 + 3 - -2).
-4
Evaluate (-3 + 2 - 4 - -1) + 5.
1
What is -6 - (-1 + -5 + 2)?
-2
What is ((1 - 5) + 5 - 1) + 2?
2
What is -127 - -130 - (0 + -5)?
8
Calculate 0 - 2 - (11 + -18) - 4.
1
Evaluate (-7 - -1) + -1 + (4 - 2).
-5
Evaluate (1 - 1) + -11 + 8.
-3
What is (-5 - -7) + -4 - -1?
-1
Calculate -3 + 1 + 1 + 0 + -2.
-3
Evaluate -9 + (3 - 1) + 4.
-3
What is 0 + (-3 - (-1 - 3))?
1
Calculate 11 - (3 - (8 + -16)).
0
(-1 - -1) + -3 + 2
-1
Calculate -9 - (-8 - 9 - -10).
-2
What is the value of 3 - (5 - (5 + 1))?
4
What is the value of 6 + (10 - (7 + -2)) + -8?
3
What is -8 + -2 + 9 + -3 + 8?
4
Calculate 4 + -6 - -8 - 17.
-11
What is the value of 62 + -62 - (-9 + 2)?
7
Evaluate (2 - 7) + -10 + 11 + 0.
-4
Evaluate -5 + (1 + 2 - 3).
-5
Calculate -7 - -8 - -4 - 1.
4
-1 + 1 + (24 - 38 - -23)
9
Calculate (-12 - -1) + 3 + 2 - -3.
-3
What is 3 + (-5 + (-1 - -4) - 5)?
-4
What is -7 - ((-7 - -7 - 6) + 8)?
-9
Calculate -2 - (5 - (1 + 6)).
0
Calculate -4 - (3 + -3 + -2 + 0).
-2
What is the value of 60 + -62 - (1 + -2 + -3)?
2
Evaluate -2 - (-1 - 0) - (11 - 18).
6
Evaluate (-10 - -1) + 2 - -4.
-3
Calculate -2 + 1 - (-15 + -8 + 16).
6
What is the value of (5 - (-1 + 0 - -6)) + -4?
-4
Evaluate 6 + -6 + (1 - 5).
-4
Calculate -2 + 2 + -4 - (1 - 2).
-3
3 + 0 - (-6 - 4 - -15)
-2
Evaluate -8 - -6 - (-5 + 2).
1
-3 - (-2 - (0 + 3))
2
-3 - (-4 + -6 + 8)
-1
What is the value of (-1 - 3) + -1 + -4?
-9
0 + 5 + -6 + 4 + 5
8
What is 1 + (2 - (-5 - -12))?
-4
What is the value of (1 - 4) + 6 + 1?
4
(15 - 13) + (0 - (-4 - -2))
4
What is (3 - -3) + (-50 - -45)?
1
Evaluate (119 - 117) + 0 + 6.
8
What is the value of 4 + 0 - (9 - (0 - -4))?
-1
Evaluate -1 - (0 - -3) - (1 + -7).
2
Evaluate -7 - (5 - 8) - (-4 + 4).
-4
(-9 - -4) + 3 + -1
-3
What is 14 + -7 + -7 + 2?
2
Evaluate -4 - ((4 - 4) + -2 - -2).
-4
-7 + 8 + -4 + 0 + 3
0
(-10 - -2) + (-71 - -85)
6
Evaluate -2 + (9 - (-4 + 10)).
1
Calculate (2 - -4 - -2) + -4.
4
0 + 8 - (-5 - -7)
6
Evaluate 0 + 5 + (-6 - -3) + -3.
-1
8 - (14 + -9 + -1)
4
8 + (-1 - 10) - 1
-4
-5 - (4 - 6) - 2
-5
Evaluate 1 - -2 - (5 + 4 - 6).
0
Evaluate 2 - (-2 + (1 - -1)).
2
What is -20 + 23 + (1 - 0)?
4
What is -17 - (-10 + -4 + 3)?
-6
What is the value of -3 - (5 + -5 - 8)?
5
What is 10 - (-19 + 10 + 16)?
3
What is the value of -26 + 15 - (1 + -1 + -4)?
-7
-9 - (-4 - (-3 - (-1 + -2)))
-5
What is -5 - (-13 + (8 - 4))?
4
2 - (-2 - -4) - 2
-2
Calculate 4 - 7 - 2 - -3.
-2
What is the value of (-28 - -19) + 3 + 1?
-5
What is (-3 - -3) + -1 - (-1 + -1)?
1
What is 4 + 0 + 0 - (-33 - -34)?
3
What is 14 + (0 - (12 + 4))?
-2
Calculate 2 + (-1 + -2 - -3).
2
Evaluate 8 + -7 + 6 + 0.
7
Calculate 1 - (-1 - -6) - (7 - 7).
-4
What is -7 + 10 + -1 + (-11 - -7)?
-2
What is the value of -1 + -5 + (22 - 16)?
0
What is the value of -4 - (2 + -3 - -4 - 8)?
1
Calculate 16 + 7 + -4 + -12.
7
Evaluate 4 - (2 + -4 + 11).
-5
Evaluate -1 + 3 - (3 - -2).
-3
Evaluate -6 - (-2 + 3 + -2).
-5
What is -5 + 1 - (-14 - -7)?
3
5 + 0 + 2 - 4
3
Calculate -25 + 25 + (0 - 4) + 1.
-3
What is the value of -23 + 33 + (1 - 3)?
8
What is 3 + -7 + 8 + 0?
4
What is -12 - -14 - (1 + -5) - 11?
-5
What is -1 + 3 + -8 + 6?
0
Calculate -1 + -2 + 6 + 2 - 2.
3
8 - (4 + (4 - 5))
5
What is -4 + 7 + -13 + 7?
-3
What is -8 + 6 + -3 + 0?
-5
What is the value of 2 - (4 + -3 - 2) - -3?
6
(7 + -1 - (25 - 14)) + 2
-3
9 + 1 + 2 + -5
7
What is -2 + (1 - (-2 + 8))?
-7
Calculate 0 + (-4 - 0) + 12 + -11.
-3
Evaluate -11 + 18 + -20 - -9.
-4
What is the value of (1 - 2) + (82 - 82)?
-1
What is -7 + 4 - (-8 - -3 - -1)?
1
6 + (-6 - (1 - 1))
0
-8 + 1 - (13 - 15) - -1
-4
-1 + (7 - -2 - 4) - 2
2
-2 + -2 - (-5 - 0)
1
What is 6 + 1 + (-5 - (24 + -28))?
6
1 - -2 - (8 + -6 + -1)
2
Calculate 10 - 10 - (-5 - -3 - 2).
4
What is the value of (-85 - -81) + (1 - (1 - 9))?
5
What is the value of -9 - (-3 - (-6 - -5))?
-7
Calculate (-3 - (2 + -5)) + -1 + 0.
-1
What is 0 - 3 - (-6 - 1)?
4
Calculate (0 - 1) + 3 + -59 + 50.
-7
What is the value of 3 + -9 + 3 - -8?
5
Evaluate -2 + -2 - (-2 + -5).
3
Evaluate 3 + 9 + -4 + -4.
4
Evaluate 0 - 1 - (5 + -1).
-5
Calculate 2 + 0 + (-14 - -3) + 6.
-3
Calculate 8 + ((6 - 6) + 4 - 1).
11
What is 0 + -2 + (3 - 0) + -3?
-2
0 - (1 + (-3 - 2))
4
What is -4 + (12 - (3 + -4)) + -4?
5
What is -6 + 7 + 0 + -15 + 9